 + h - 6 = 0, -3*s + h = -6*s + 20. Suppose f - 101 = -4*c, s*f + 12 = 3*f. Let t = -13 + 39. Calculate the greatest common divisor of t and c.
26
Suppose 36*b + 2*x = 41*b - 1323, -4*b + x = -1062. What is the highest common factor of b and 21?
3
Let t(l) = 41*l**2 + 14*l - 167. Let d be t(-23). Suppose d = 67*y - 14*y. Calculate the highest common divisor of 48 and y.
16
Let b = -6 + 20. Suppose 142 = -b*i + 352. Let p(f) = -9*f + 3. Let g be p(-8). Calculate the highest common divisor of i and g.
15
Let i be (24*2)/(19965/(-1665) + 12). Calculate the greatest common divisor of i and 144.
144
Let j(k) = 3*k**3 + 2*k**2 - 11*k + 8. Let p be j(1). Suppose -446 = -v + 10*q - 12*q, -5*v = p*q - 2238. Calculate the highest common divisor of 28 and v.
28
Suppose -648 = -2855*m + 2843*m. What is the greatest common factor of m and 32778?
54
Let y = -56286 + 56294. Suppose 2*r + 60 = 5*r. What is the highest common divisor of r and y?
4
Let z(b) = b**3 - 21*b**2 + 61*b - 63. Let s be z(18). What is the highest common factor of s and 702?
9
Suppose 324 = 3*a + 114. Suppose 0 = -3*f + 5*w + a, 0 = -f + 9*w - 5*w + 28. What is the greatest common divisor of f and 70?
10
Suppose -23*o + 4600 + 9752 = 0. Calculate the highest common divisor of 897 and o.
39
Let n = 15 + -7. Let r(w) = -60*w - 1018. Let c be r(-17). Calculate the highest common divisor of c and n.
2
Let s(n) = -6*n - 2. Let t be s(-2). Let j(v) = v**3 + 16*v**2 - 20*v + 26. Let b be j(-16). Let p = b + -338. What is the highest common factor of p and t?
2
Let x be 15*(-4)/(-12)*1/5 + 207. What is the greatest common divisor of x and 3848?
104
Let g = 334 - 334. Suppose 5*h - 2*h - 2*x - 53 = g, 4*h - 4*x - 76 = 0. Calculate the greatest common divisor of h and 195.
15
Suppose -20 = 2*x + 3*f + 61, 0 = 5*f + 5. Let s be (x/(-2))/(18/984). Calculate the highest common factor of s and 26.
26
Let l be ((-96)/(-7))/((-92)/(-644)). Calculate the greatest common divisor of 408 and l.
24
Suppose 0*g - 4 = g. Let a be (g/(-6))/((-4)/(-150)). Let u(y) = -181*y - 811. Let s be u(-6). What is the greatest common divisor of s and a?
25
Let r(i) = i**3 - 13*i**2 - 28*i + 12. Let g be r(17). Let p = -683 + g. What is the greatest common divisor of 477 and p?
9
Let q be (-20)/6*(-72)/10. Let c(y) = y**2 - 12*y - 11. Let o be c(13). Suppose -o*g = 7*g - 324. What is the greatest common factor of q and g?
12
Suppose 2*q + 5*j = 0, -102 = -10*q - j - 6. Suppose -13*l + 1360 = -5*l. What is the greatest common factor of l and q?
10
Let m be (-8)/20*(-6 + 35/10). Let g be 1 + 5*(m - (-2)/(-10)). What is the greatest common divisor of g and 1?
1
Suppose 18*d = -6*d + 25*d - 6. What is the greatest common divisor of 2232 and d?
6
Let a be 12/(-126)*6 + (-2)/(14/(-4351)). Calculate the greatest common factor of a and 135.
27
Let w(m) = 7*m + 429. Let l be w(-41). Calculate the highest common factor of l and 8378.
142
Let r = 1499 + -1029. Calculate the greatest common factor of 40 and r.
10
Suppose -2*s - 3*m = 20 - 62, s = 4*m + 10. Suppose -s = -4*t + 38. What is the highest common factor of t and 238?
14
Let k be 400*-1 - (0 - 4). Let y = k + 408. Suppose -3*l = -4*s - 320, 0 = -2*l - s - s + 218. Calculate the greatest common divisor of y and l.
12
Let l be 68 + ((-30)/(-8))/((-95)/(-228)). Let g be 77 + (-5 - -4) + 1. What is the highest common factor of l and g?
77
Let f = -375 + 371. Let c be (-5*f/30)/(10/15). Calculate the greatest common factor of 11 and c.
1
Let h be 6 - -5*(-4)/10. Suppose -5*v - 4*s - 48 = 0, 3*v = -s - 4*s - 34. Let k be h/v + 67/2 + -1. What is the highest common factor of k and 224?
32
Let c be (-1536)/14*((-33 - (-1 - 6)) + 5). Calculate the greatest common factor of 198 and c.
18
Let v(w) = -253*w - 1627. Let j be v(-11). What is the greatest common factor of 68 and j?
68
Let i be 2 + 2 + (1 - -11). Let u = 223199 + -223143. What is the greatest common divisor of i and u?
8
Let n be 5/10*(1 + 9). Let m(s) = 6*s**2 + 2*s. Let j be m(n). Suppose i = 6*i - j. What is the greatest common divisor of i and 16?
16
Let a(b) = 10*b - 14 + 4*b - 25*b. Let l be a(-28). What is the greatest common factor of 84 and l?
42
Let a(h) = 2*h**2 + 23*h + 107. Let u be a(-9). Let l = 30 + u. Calculate the greatest common divisor of 161 and l.
23
Let o(w) = -w**2 + 32*w - 58. Let z be o(12). What is the greatest common divisor of z and 2275?
91
Suppose -1466*m = -1412*m - 13338. What is the greatest common factor of m and 1387?
19
Suppose 4*y = 3*t - 7, -5*y + 2*y - 4 = -t. Suppose -5947 = 153*z - 466*z. Calculate the highest common divisor of t and z.
1
Let c(b) = -5*b - 4. Let r be c(-2). Suppose -3*y + 3 = -r*y. Let s be (y/3)/(13/(-741)). Calculate the highest common divisor of 171 and s.
19
Let g(w) = -w**2 + 25. Let o be g(9). Let f be 709/4 + 2 + (-42)/o. Suppose 5*v - f = -4*v. Calculate the greatest common divisor of 10 and v.
10
Let d = 6774 - 4608. What is the highest common divisor of 570 and d?
114
Let w(j) = 12*j - 463. Let f be w(47). Calculate the greatest common factor of 5 and f.
1
Suppose 4*k - 56 = -4*m, 0*m = -3*m - 4*k + 44. Suppose -m*q + 80 = -10*q. Suppose -633 = -2*h - 73. What is the highest common factor of h and q?
40
Let o(d) = -d**3 + 4*d**2 + 11*d + 8. Let f be o(6). Suppose -27 + 83 = f*p. Calculate the greatest common factor of 8 and p.
4
Let r(m) = m**3 - 5*m**2 - 10*m + 5. Let g be r(7). Let v = 152 + -177. Let c = g + v. Calculate the greatest common factor of 8 and c.
8
Let j = 307 + 10. Suppose -18*a = j - 1397. Calculate the greatest common factor of a and 15.
15
Let q be (-2)/((-10)/(-65)*1). Let j = q + 29. Suppose -23*n = -j*n - 105. What is the greatest common factor of n and 25?
5
Let b = -3075 - -3133. What is the greatest common divisor of 29 and b?
29
Let w(v) = v**3 + 14*v**2 + 7*v - 51. Let q be w(-10). Calculate the greatest common factor of 207 and q.
9
Let q = -34561 + 35081. Let k = -5 - -5. Suppose 2*g - 2*t - 112 = k, 4*g - 5*t = -3*t + 216. What is the greatest common factor of q and g?
52
Suppose 274 = 17*m - 1085 - 1293. Calculate the highest common factor of 429 and m.
39
Let x be (34 - 6)*(-522)/(-8). Calculate the highest common factor of 9 and x.
9
Let h = 14204 - 10883. Calculate the highest common factor of h and 82.
41
Let c = -261 + 612. Let v be -13*(6/(-2))/3. Calculate the greatest common divisor of v and c.
13
Let l = -11 + 83. Let m = 82 + l. Calculate the greatest common factor of m and 22.
22
Let h(i) be the third derivative of -3/2*i**3 + 0 + 14*i**2 + 0*i + 29/24*i**4. Let u be h(1). Calculate the highest common factor of u and 5.
5
Let b be 1*(-3)/(6/(-10)). Suppose -8*u + b*u + 530 = -5*c, 3*u + 3*c - 498 = 0. Calculate the greatest common divisor of u and 10.
10
Suppose 5*w - 24 = -4*n, -3*n + n + 5*w = 18. Suppose 19 - 112 = -3*g. Suppose -3*u = -i - 8 - g, u + 2*i = 13. What is the greatest common divisor of u and n?
1
Let q(v) = -3*v**2 - 62*v + 116. Let d be q(-22). What is the highest common divisor of d and 1351?
7
Let d(j) = -3*j**2 - 163*j - 38. Let z be d(-54). What is the greatest common factor of z and 2984?
8
Suppose -40*k + 1989 = -12291. Calculate the greatest common factor of 204 and k.
51
Let j(a) be the second derivative of -a**4/12 - 8*a**3/3 + 11*a**2/2 + a - 31. Let o be j(-14). What is the greatest common divisor of 39 and o?
39
Suppose 4*q = q + 24. Let k = 7 + -3. Suppose -42 - 62 = -3*r + k*j, 0 = 4*r + j - 164. Calculate the greatest common divisor of r and q.
8
Let g = 139 + -27. Let a = 40361 + -40313. What is the greatest common divisor of g and a?
16
Suppose 0 = 9*o - o + 32. Let p be (-18)/21 + o/28. Let t be 880/8 + p + 1. What is the highest common factor of 10 and t?
10
Suppose -3*o - 232 = -5*c - 0*o, -o = c - 40. Suppose c - 36 = 2*b. Calculate the highest common divisor of b and 32.
4
Suppose 4*h + 4*a = 288, 3*a - 17 = 3*h - 251. Calculate the greatest common factor of h and 325.
25
Let m(g) = 3*g**2 - 84*g + 171. Let l be m(26). Let d = 9 - 4. Let o(b) = b**3 - 3*b**2 + 2*b. Let r be o(d). Calculate the greatest common divisor of r and l.
15
Let k(i) = i**3 + 5*i**2 - 2*i - 10. Let q be k(-5). Suppose q*g = g - 40. What is the highest common factor of 32 and g?
8
Suppose -3*m + 5